[INFO] fetching crate actori-web-codegen 0.2.0...
[INFO] checking actori-web-codegen-0.2.0 against master#af3c6e733a40e671550e0f0f5aeecaa13772ba56 for pr-74989
[INFO] extracting crate actori-web-codegen 0.2.0 into /workspace/builds/worker-7/source
[INFO] validating manifest of crates.io crate actori-web-codegen 0.2.0 on toolchain af3c6e733a40e671550e0f0f5aeecaa13772ba56
[INFO] running `Command { std: "/workspace/cargo-home/bin/cargo" "+af3c6e733a40e671550e0f0f5aeecaa13772ba56" "read-manifest" "--manifest-path" "Cargo.toml", kill_on_drop: false }`
[INFO] started tweaking crates.io crate actori-web-codegen 0.2.0
[INFO] finished tweaking crates.io crate actori-web-codegen 0.2.0
[INFO] tweaked toml for crates.io crate actori-web-codegen 0.2.0 written to /workspace/builds/worker-7/source/Cargo.toml
[INFO] running `Command { std: "/workspace/cargo-home/bin/cargo" "+af3c6e733a40e671550e0f0f5aeecaa13772ba56" "generate-lockfile" "--manifest-path" "Cargo.toml" "-Zno-index-update", kill_on_drop: false }`
[INFO] running `Command { std: "/workspace/cargo-home/bin/cargo" "+af3c6e733a40e671550e0f0f5aeecaa13772ba56" "fetch" "--locked" "--manifest-path" "Cargo.toml", kill_on_drop: false }`
[INFO] running `Command { std: "docker" "create" "-v" "/var/lib/crater-agent-workspace/builds/worker-7/target:/opt/rustwide/target:rw,Z" "-v" "/var/lib/crater-agent-workspace/builds/worker-7/source:/opt/rustwide/workdir:ro,Z" "-v" "/var/lib/crater-agent-workspace/cargo-home:/opt/rustwide/cargo-home:ro,Z" "-v" "/var/lib/crater-agent-workspace/rustup-home:/opt/rustwide/rustup-home:ro,Z" "-e" "SOURCE_DIR=/opt/rustwide/workdir" "-e" "CARGO_TARGET_DIR=/opt/rustwide/target" "-e" "CARGO_HOME=/opt/rustwide/cargo-home" "-e" "RUSTUP_HOME=/opt/rustwide/rustup-home" "-w" "/opt/rustwide/workdir" "-m" "1610612736" "--user" "0:0" "--network" "none" "rustops/crates-build-env@sha256:d92eaeed33fa75130ca1ee6c8a01d1ffb62bac859dfdfb3450e3e5d1c0146529" "/opt/rustwide/cargo-home/bin/cargo" "+af3c6e733a40e671550e0f0f5aeecaa13772ba56" "metadata" "--no-deps" "--format-version=1", kill_on_drop: false }`
[INFO] [stdout] 5f0c67ce306413a2d5f2b48f6174d23886cab61f298528e07568968c6854ed9d
[INFO] [stderr] WARNING: Your kernel does not support swap limit capabilities or the cgroup is not mounted. Memory limited without swap.
[INFO] running `Command { std: "docker" "start" "-a" "5f0c67ce306413a2d5f2b48f6174d23886cab61f298528e07568968c6854ed9d", kill_on_drop: false }`
[INFO] running `Command { std: "docker" "inspect" "5f0c67ce306413a2d5f2b48f6174d23886cab61f298528e07568968c6854ed9d", kill_on_drop: false }`
[INFO] running `Command { std: "docker" "rm" "-f" "5f0c67ce306413a2d5f2b48f6174d23886cab61f298528e07568968c6854ed9d", kill_on_drop: false }`
[INFO] [stdout] 5f0c67ce306413a2d5f2b48f6174d23886cab61f298528e07568968c6854ed9d
[INFO] running `Command { std: "docker" "create" "-v" "/var/lib/crater-agent-workspace/builds/worker-7/target:/opt/rustwide/target:rw,Z" "-v" "/var/lib/crater-agent-workspace/builds/worker-7/source:/opt/rustwide/workdir:ro,Z" "-v" "/var/lib/crater-agent-workspace/cargo-home:/opt/rustwide/cargo-home:ro,Z" "-v" "/var/lib/crater-agent-workspace/rustup-home:/opt/rustwide/rustup-home:ro,Z" "-e" "SOURCE_DIR=/opt/rustwide/workdir" "-e" "CARGO_TARGET_DIR=/opt/rustwide/target" "-e" "CARGO_INCREMENTAL=0" "-e" "RUST_BACKTRACE=full" "-e" "RUSTFLAGS=--cap-lints=forbid" "-e" "CARGO_HOME=/opt/rustwide/cargo-home" "-e" "RUSTUP_HOME=/opt/rustwide/rustup-home" "-w" "/opt/rustwide/workdir" "-m" "1610612736" "--user" "0:0" "--network" "none" "rustops/crates-build-env@sha256:d92eaeed33fa75130ca1ee6c8a01d1ffb62bac859dfdfb3450e3e5d1c0146529" "/opt/rustwide/cargo-home/bin/cargo" "+af3c6e733a40e671550e0f0f5aeecaa13772ba56" "check" "--frozen" "--all" "--all-targets" "--message-format=json", kill_on_drop: false }`
[INFO] [stdout] 5370f0382194d642dcde9d86df3b90e56d379743e3a93ec4825199dd1bec7fc6
[INFO] [stderr] WARNING: Your kernel does not support swap limit capabilities or the cgroup is not mounted. Memory limited without swap.
[INFO] running `Command { std: "docker" "start" "-a" "5370f0382194d642dcde9d86df3b90e56d379743e3a93ec4825199dd1bec7fc6", kill_on_drop: false }`
[INFO] [stderr]    Compiling proc-macro2 v1.0.21
[INFO] [stderr]    Compiling syn v1.0.40
[INFO] [stderr]    Compiling unicode-xid v0.2.1
[INFO] [stderr]    Compiling libc v0.2.77
[INFO] [stderr]     Checking cfg-if v0.1.10
[INFO] [stderr]    Compiling log v0.4.11
[INFO] [stderr]    Compiling pin-project-internal v0.4.23
[INFO] [stderr]     Checking slab v0.4.2
[INFO] [stderr]    Compiling proc-macro-nested v0.1.6
[INFO] [stderr]     Checking futures-sink v0.3.5
[INFO] [stderr]    Compiling memchr v2.3.3
[INFO] [stderr]     Checking once_cell v1.4.1
[INFO] [stderr]    Compiling proc-macro-hack v0.5.18
[INFO] [stderr]     Checking smallvec v1.4.2
[INFO] [stderr]     Checking scopeguard v1.1.0
[INFO] [stderr]     Checking futures-io v0.3.5
[INFO] [stderr]     Checking pin-utils v0.1.0
[INFO] [stderr]     Checking arc-swap v0.4.7
[INFO] [stderr]     Checking lazy_static v1.4.0
[INFO] [stderr]     Checking bytes v0.5.6
[INFO] [stderr]     Checking copyless v0.1.5
[INFO] [stderr]     Checking lock_api v0.3.4
[INFO] [stderr]     Checking futures-channel v0.3.5
[INFO] [stderr]     Checking futures-task v0.3.5
[INFO] [stderr]     Checking quote v1.0.7
[INFO] [stderr]     Checking iovec v0.1.4
[INFO] [stderr]     Checking net2 v0.2.35
[INFO] [stderr]     Checking num_cpus v1.13.0
[INFO] [stderr]     Checking parking_lot_core v0.7.2
[INFO] [stderr]     Checking signal-hook-registry v1.2.1
[INFO] [stderr]     Checking threadpool v1.8.1
[INFO] [stderr]     Checking mio v0.6.22
[INFO] [stderr]     Checking parking_lot v0.10.2
[INFO] [stderr]     Checking mio-uds v0.6.8
[INFO] [stderr]     Checking tokio v0.2.22
[INFO] [stderr]     Checking actori-web-codegen v0.2.0 (/opt/rustwide/workdir)
[INFO] [stderr]    Compiling futures-macro v0.3.5
[INFO] [stderr]    Compiling derive_more v0.99.10
[INFO] [stderr]    Compiling actori-macros v0.1.1
[INFO] [stderr]     Checking pin-project v0.4.23
[INFO] [stderr]     Checking futures-util v0.3.5
[INFO] [stderr]     Checking actori-threadpool v0.3.1
[INFO] [stderr]     Checking futures-executor v0.3.5
[INFO] [stderr]     Checking futures v0.3.5
[INFO] [stderr]     Checking actori-rt v1.0.0
[INFO] [stdout] error[E0433]: failed to resolve: use of undeclared type or module `actori_web`
[INFO] [stdout]  --> tests/test_macro.rs:1:5
[INFO] [stdout]   |
[INFO] [stdout] 1 | use actori_web::{http, test, web::Path, App, HttpResponse, Responder};
[INFO] [stdout]   |     ^^^^^^^^^^ use of undeclared type or module `actori_web`
[INFO] [stdout] 
[INFO] [stdout] 
[INFO] [stdout] error[E0432]: unresolved import `actori_web`
[INFO] [stdout]  --> tests/test_macro.rs:1:5
[INFO] [stdout]   |
[INFO] [stdout] 1 | use actori_web::{http, test, web::Path, App, HttpResponse, Responder};
[INFO] [stdout]   |     ^^^^^^^^^^ use of undeclared type or module `actori_web`
[INFO] [stdout] 
[INFO] [stdout] 
[INFO] [stdout] error: cannot determine resolution for the attribute macro `test`
[INFO] [stdout]   --> tests/test_macro.rs:70:1
[INFO] [stdout]    |
[INFO] [stdout] 70 | #[actori_rt::test]
[INFO] [stdout]    | ^^^^^^^^^^^^^^^^^^
[INFO] [stdout]    |
[INFO] [stdout]    = note: import resolution is stuck, try simplifying macro imports
[INFO] [stdout]    = note: this error originates in an attribute macro (in Nightly builds, run with -Z macro-backtrace for more info)
[INFO] [stdout] 
[INFO] [stdout] 
[INFO] [stdout] error: cannot determine resolution for the attribute macro `test`
[INFO] [stdout]   --> tests/test_macro.rs:92:1
[INFO] [stdout]    |
[INFO] [stdout] 92 | #[actori_rt::test]
[INFO] [stdout]    | ^^^^^^^^^^^^^^^^^^
[INFO] [stdout]    |
[INFO] [stdout]    = note: import resolution is stuck, try simplifying macro imports
[INFO] [stdout]    = note: this error originates in an attribute macro (in Nightly builds, run with -Z macro-backtrace for more info)
[INFO] [stdout] 
[INFO] [stdout] 
[INFO] [stdout] error: cannot determine resolution for the attribute macro `test`
[INFO] [stdout]    --> tests/test_macro.rs:144:1
[INFO] [stdout]     |
[INFO] [stdout] 144 | #[actori_rt::test]
[INFO] [stdout]     | ^^^^^^^^^^^^^^^^^^
[INFO] [stdout]     |
[INFO] [stdout]     = note: import resolution is stuck, try simplifying macro imports
[INFO] [stdout]     = note: this error originates in an attribute macro (in Nightly builds, run with -Z macro-backtrace for more info)
[INFO] [stdout] 
[INFO] [stdout] 
[INFO] [stdout] error[E0433]: failed to resolve: use of undeclared type or module `actori_web`
[INFO] [stdout]  --> tests/test_macro.rs:5:1
[INFO] [stdout]   |
[INFO] [stdout] 5 | #[get("/test")]
[INFO] [stdout]   | ^^^^^^^^^^^^^^^ use of undeclared type or module `actori_web`
[INFO] [stdout]   |
[INFO] [stdout]   = note: this error originates in an attribute macro (in Nightly builds, run with -Z macro-backtrace for more info)
[INFO] [stdout] 
[INFO] [stdout] 
[INFO] [stdout] error[E0433]: failed to resolve: use of undeclared type or module `actori_web`
[INFO] [stdout]   --> tests/test_macro.rs:10:1
[INFO] [stdout]    |
[INFO] [stdout] 10 | #[put("/test")]
[INFO] [stdout]    | ^^^^^^^^^^^^^^^ use of undeclared type or module `actori_web`
[INFO] [stdout]    |
[INFO] [stdout]    = note: this error originates in an attribute macro (in Nightly builds, run with -Z macro-backtrace for more info)
[INFO] [stdout] 
[INFO] [stdout] 
[INFO] [stdout] error[E0433]: failed to resolve: use of undeclared type or module `actori_web`
[INFO] [stdout]   --> tests/test_macro.rs:15:1
[INFO] [stdout]    |
[INFO] [stdout] 15 | #[patch("/test")]
[INFO] [stdout]    | ^^^^^^^^^^^^^^^^^ use of undeclared type or module `actori_web`
[INFO] [stdout]    |
[INFO] [stdout]    = note: this error originates in an attribute macro (in Nightly builds, run with -Z macro-backtrace for more info)
[INFO] [stdout] 
[INFO] [stdout] 
[INFO] [stdout] error[E0433]: failed to resolve: use of undeclared type or module `actori_web`
[INFO] [stdout]   --> tests/test_macro.rs:20:1
[INFO] [stdout]    |
[INFO] [stdout] 20 | #[post("/test")]
[INFO] [stdout]    | ^^^^^^^^^^^^^^^^ use of undeclared type or module `actori_web`
[INFO] [stdout]    |
[INFO] [stdout]    = note: this error originates in an attribute macro (in Nightly builds, run with -Z macro-backtrace for more info)
[INFO] [stdout] 
[INFO] [stdout] 
[INFO] [stdout] error[E0433]: failed to resolve: use of undeclared type or module `actori_web`
[INFO] [stdout]   --> tests/test_macro.rs:25:1
[INFO] [stdout]    |
[INFO] [stdout] 25 | #[head("/test")]
[INFO] [stdout]    | ^^^^^^^^^^^^^^^^ use of undeclared type or module `actori_web`
[INFO] [stdout]    |
[INFO] [stdout]    = note: this error originates in an attribute macro (in Nightly builds, run with -Z macro-backtrace for more info)
[INFO] [stdout] 
[INFO] [stdout] 
[INFO] [stdout] error[E0433]: failed to resolve: use of undeclared type or module `actori_web`
[INFO] [stdout]   --> tests/test_macro.rs:30:1
[INFO] [stdout]    |
[INFO] [stdout] 30 | #[connect("/test")]
[INFO] [stdout]    | ^^^^^^^^^^^^^^^^^^^ use of undeclared type or module `actori_web`
[INFO] [stdout]    |
[INFO] [stdout]    = note: this error originates in an attribute macro (in Nightly builds, run with -Z macro-backtrace for more info)
[INFO] [stdout] 
[INFO] [stdout] 
[INFO] [stdout] error[E0433]: failed to resolve: use of undeclared type or module `actori_web`
[INFO] [stdout]   --> tests/test_macro.rs:35:1
[INFO] [stdout]    |
[INFO] [stdout] 35 | #[options("/test")]
[INFO] [stdout]    | ^^^^^^^^^^^^^^^^^^^ use of undeclared type or module `actori_web`
[INFO] [stdout]    |
[INFO] [stdout]    = note: this error originates in an attribute macro (in Nightly builds, run with -Z macro-backtrace for more info)
[INFO] [stdout] 
[INFO] [stdout] 
[INFO] [stdout] error[E0433]: failed to resolve: use of undeclared type or module `actori_web`
[INFO] [stdout]   --> tests/test_macro.rs:40:1
[INFO] [stdout]    |
[INFO] [stdout] 40 | #[trace("/test")]
[INFO] [stdout]    | ^^^^^^^^^^^^^^^^^ use of undeclared type or module `actori_web`
[INFO] [stdout]    |
[INFO] [stdout]    = note: this error originates in an attribute macro (in Nightly builds, run with -Z macro-backtrace for more info)
[INFO] [stdout] 
[INFO] [stdout] 
[INFO] [stdout] error[E0433]: failed to resolve: use of undeclared type or module `actori_web`
[INFO] [stdout]   --> tests/test_macro.rs:45:1
[INFO] [stdout]    |
[INFO] [stdout] 45 | #[get("/test")]
[INFO] [stdout]    | ^^^^^^^^^^^^^^^ use of undeclared type or module `actori_web`
[INFO] [stdout]    |
[INFO] [stdout]    = note: this error originates in an attribute macro (in Nightly builds, run with -Z macro-backtrace for more info)
[INFO] [stdout] 
[INFO] [stdout] 
[INFO] [stdout] error[E0433]: failed to resolve: use of undeclared type or module `actori_web`
[INFO] [stdout]   --> tests/test_macro.rs:46:62
[INFO] [stdout]    |
[INFO] [stdout] 46 | fn auto_async() -> impl Future<Output = Result<HttpResponse, actori_web::Error>> {
[INFO] [stdout]    |                                                              ^^^^^^^^^^ use of undeclared type or module `actori_web`
[INFO] [stdout] 
[INFO] [stdout] 
[INFO] [stdout] error[E0433]: failed to resolve: use of undeclared type or module `actori_web`
[INFO] [stdout]   --> tests/test_macro.rs:50:1
[INFO] [stdout]    |
[INFO] [stdout] 50 | #[get("/test")]
[INFO] [stdout]    | ^^^^^^^^^^^^^^^ use of undeclared type or module `actori_web`
[INFO] [stdout]    |
[INFO] [stdout]    = note: this error originates in an attribute macro (in Nightly builds, run with -Z macro-backtrace for more info)
[INFO] [stdout] 
[INFO] [stdout] 
[INFO] [stdout] error[E0433]: failed to resolve: use of undeclared type or module `actori_web`
[INFO] [stdout]   --> tests/test_macro.rs:51:61
[INFO] [stdout]    |
[INFO] [stdout] 51 | fn auto_sync() -> impl Future<Output = Result<HttpResponse, actori_web::Error>> {
[INFO] [stdout]    |                                                             ^^^^^^^^^^ use of undeclared type or module `actori_web`
[INFO] [stdout] 
[INFO] [stdout] 
[INFO] [stdout] error[E0433]: failed to resolve: use of undeclared type or module `actori_web`
[INFO] [stdout]   --> tests/test_macro.rs:55:1
[INFO] [stdout]    |
[INFO] [stdout] 55 | #[put("/test/{param}")]
[INFO] [stdout]    | ^^^^^^^^^^^^^^^^^^^^^^^ use of undeclared type or module `actori_web`
[INFO] [stdout]    |
[INFO] [stdout]    = note: this error originates in an attribute macro (in Nightly builds, run with -Z macro-backtrace for more info)
[INFO] [stdout] 
[INFO] [stdout] 
[INFO] [stdout] error[E0433]: failed to resolve: use of undeclared type or module `actori_web`
[INFO] [stdout]   --> tests/test_macro.rs:60:1
[INFO] [stdout]    |
[INFO] [stdout] 60 | #[delete("/test/{param}")]
[INFO] [stdout]    | ^^^^^^^^^^^^^^^^^^^^^^^^^^ use of undeclared type or module `actori_web`
[INFO] [stdout]    |
[INFO] [stdout]    = note: this error originates in an attribute macro (in Nightly builds, run with -Z macro-backtrace for more info)
[INFO] [stdout] 
[INFO] [stdout] 
[INFO] [stdout] error[E0433]: failed to resolve: use of undeclared type or module `actori_web`
[INFO] [stdout]   --> tests/test_macro.rs:65:1
[INFO] [stdout]    |
[INFO] [stdout] 65 | #[get("/test/{param}")]
[INFO] [stdout]    | ^^^^^^^^^^^^^^^^^^^^^^^ use of undeclared type or module `actori_web`
[INFO] [stdout]    |
[INFO] [stdout]    = note: this error originates in an attribute macro (in Nightly builds, run with -Z macro-backtrace for more info)
[INFO] [stdout] 
[INFO] [stdout] 
[INFO] [stdout] error[E0412]: cannot find type `Path` in this scope
[INFO] [stdout]   --> tests/test_macro.rs:56:28
[INFO] [stdout]    |
[INFO] [stdout] 56 | async fn put_param_test(_: Path<String>) -> impl Responder {
[INFO] [stdout]    |                            ^^^^ not found in this scope
[INFO] [stdout]    |
[INFO] [stdout] help: consider importing one of these items
[INFO] [stdout]    |
[INFO] [stdout] 1  | use std::path::Path;
[INFO] [stdout]    |
[INFO] [stdout] 1  | use syn::Path;
[INFO] [stdout]    |
[INFO] [stdout] 
[INFO] [stdout] 
[INFO] [stdout] error[E0412]: cannot find type `Path` in this scope
[INFO] [stdout]   --> tests/test_macro.rs:61:31
[INFO] [stdout]    |
[INFO] [stdout] 61 | async fn delete_param_test(_: Path<String>) -> impl Responder {
[INFO] [stdout]    |                               ^^^^ not found in this scope
[INFO] [stdout]    |
[INFO] [stdout] help: consider importing one of these items
[INFO] [stdout]    |
[INFO] [stdout] 1  | use std::path::Path;
[INFO] [stdout]    |
[INFO] [stdout] 1  | use syn::Path;
[INFO] [stdout]    |
[INFO] [stdout] 
[INFO] [stdout] 
[INFO] [stdout] error[E0412]: cannot find type `Path` in this scope
[INFO] [stdout]   --> tests/test_macro.rs:66:28
[INFO] [stdout]    |
[INFO] [stdout] 66 | async fn get_param_test(_: Path<String>) -> impl Responder {
[INFO] [stdout]    |                            ^^^^ not found in this scope
[INFO] [stdout]    |
[INFO] [stdout] help: consider importing one of these items
[INFO] [stdout]    |
[INFO] [stdout] 1  | use std::path::Path;
[INFO] [stdout]    |
[INFO] [stdout] 1  | use syn::Path;
[INFO] [stdout]    |
[INFO] [stdout] 
[INFO] [stdout] 
[INFO] [stdout] error: aborting due to 23 previous errors
[INFO] [stdout] 
[INFO] [stdout] 
[INFO] [stdout] Some errors have detailed explanations: E0412, E0432, E0433.
[INFO] [stdout] 
[INFO] [stdout] For more information about an error, try `rustc --explain E0412`.
[INFO] [stdout] 
[INFO] [stderr] error: could not compile `actori-web-codegen`.
[INFO] [stderr] 
[INFO] [stderr] To learn more, run the command again with --verbose.
[INFO] running `Command { std: "docker" "inspect" "5370f0382194d642dcde9d86df3b90e56d379743e3a93ec4825199dd1bec7fc6", kill_on_drop: false }`
[INFO] running `Command { std: "docker" "rm" "-f" "5370f0382194d642dcde9d86df3b90e56d379743e3a93ec4825199dd1bec7fc6", kill_on_drop: false }`
[INFO] [stdout] 5370f0382194d642dcde9d86df3b90e56d379743e3a93ec4825199dd1bec7fc6
